{"id":686,"date":"2026-03-19T08:32:27","date_gmt":"2026-03-19T08:32:27","guid":{"rendered":"https:\/\/montreuxlibre.ch\/?page_id=686"},"modified":"2026-03-19T10:40:46","modified_gmt":"2026-03-19T10:40:46","slug":"nos-elues","status":"publish","type":"page","link":"https:\/\/montreuxlibre.ch\/?page_id=686","title":{"rendered":"Nos \u00e9lu\u2022e\u2022s"},"content":{"rendered":"\t\t<div data-elementor-type=\"wp-page\" data-elementor-id=\"686\" class=\"elementor elementor-686\">\n\t\t\t\t<div class=\"elementor-element elementor-element-29fb16c e-flex e-con-boxed e-con e-parent\" data-id=\"29fb16c\" data-element_type=\"container\" data-settings=\"{&quot;background_background&quot;:&quot;classic&quot;}\">\n\t\t\t\t\t<div class=\"e-con-inner\">\n\t\t\t\t<div class=\"elementor-element elementor-element-84d835a elementor-widget elementor-widget-heading\" data-id=\"84d835a\" data-element_type=\"widget\" data-widget_type=\"heading.default\">\n\t\t\t\t\t<h2 class=\"elementor-heading-title elementor-size-default\">\nNos conseill\u00e8res et conseillers communaux<\/h2>\t\t\t\t<\/div>\n\t\t<div class=\"elementor-element elementor-element-74ca822 e-con-full e-flex e-con e-child\" data-id=\"74ca822\" data-element_type=\"container\">\n\t\t<div class=\"elementor-element elementor-element-0212c2c e-con-full e-flex e-con e-child\" data-id=\"0212c2c\" data-element_type=\"container\" data-settings=\"{&quot;background_background&quot;:&quot;classic&quot;}\">\n\t\t\t\t<div class=\"elementor-element elementor-element-51a4323 elementor-position-left elementor-vertical-align-bottom elementor-widget elementor-widget-image-box\" data-id=\"51a4323\" data-element_type=\"widget\" data-widget_type=\"image-box.default\">\n\t\t\t\t\t<div class=\"elementor-image-box-wrapper\"><figure class=\"elementor-image-box-img\"><img fetchpriority=\"high\" decoding=\"async\" width=\"1120\" height=\"1400\" src=\"https:\/\/montreuxlibre.ch\/wp-content\/uploads\/2026\/01\/soraia-dias.jpg\" class=\"attachment-full size-full wp-image-147\" alt=\"\" srcset=\"https:\/\/montreuxlibre.ch\/wp-content\/uploads\/2026\/01\/soraia-dias.jpg 1120w, https:\/\/montreuxlibre.ch\/wp-content\/uploads\/2026\/01\/soraia-dias-240x300.jpg 240w, https:\/\/montreuxlibre.ch\/wp-content\/uploads\/2026\/01\/soraia-dias-819x1024.jpg 819w, https:\/\/montreuxlibre.ch\/wp-content\/uploads\/2026\/01\/soraia-dias-768x960.jpg 768w\" sizes=\"(max-width: 1120px) 100vw, 1120px\" \/><\/figure><div class=\"elementor-image-box-content\"><h3 class=\"elementor-image-box-title\">Soraia Dias<\/h3><p class=\"elementor-image-box-description\">Employ\u00e9e de commerce dans les assurances sociales, mari\u00e9e, un enfant. Conseill\u00e8re communale\n\n\n<\/p><\/div><\/div>\t\t\t\t<\/div>\n\t\t\t\t<div class=\"elementor-element elementor-element-feab056 elementor-widget-divider--view-line elementor-widget elementor-widget-divider\" data-id=\"feab056\" data-element_type=\"widget\" data-widget_type=\"divider.default\">\n\t\t\t\t\t\t\t<div class=\"elementor-divider\">\n\t\t\t<span class=\"elementor-divider-separator\">\n\t\t\t\t\t\t<\/span>\n\t\t<\/div>\n\t\t\t\t\t\t<\/div>\n\t\t\t\t<div class=\"elementor-element elementor-element-905c783 elementor-widget elementor-widget-text-editor\" data-id=\"905c783\" data-element_type=\"widget\" data-widget_type=\"text-editor.default\">\n\t\t\t\t\t\t\t\t\t<p>Enfant de la commune, je suis profond\u00e9ment attach\u00e9e \u00e0 son cadre de vie, \u00e0 son bord du lac et \u00e0 sa richesse culturelle. Apr\u00e8s un mandat de cinq ans au Conseil communal, j\u2019ai pu mesurer combien l\u2019engagement local permet d\u2019avoir un impact concret sur la vie des habitants. Je souhaite aujourd\u2019hui poursuivre cet engagement avec enthousiasme, \u00e9coute et responsabilit\u00e9, pour am\u00e9liorer le cadre de vie, soutenir la culture et renforcer le lien entre les habitants.<\/p>\t\t\t\t\t\t\t\t<\/div>\n\t\t\t\t<\/div>\n\t\t<div class=\"elementor-element elementor-element-acebaa7 e-con-full e-flex e-con e-child\" data-id=\"acebaa7\" data-element_type=\"container\" data-settings=\"{&quot;background_background&quot;:&quot;classic&quot;}\">\n\t\t\t\t<div class=\"elementor-element elementor-element-980f74c elementor-position-left elementor-vertical-align-bottom elementor-widget elementor-widget-image-box\" data-id=\"980f74c\" data-element_type=\"widget\" data-widget_type=\"image-box.default\">\n\t\t\t\t\t<div class=\"elementor-image-box-wrapper\"><figure class=\"elementor-image-box-img\"><img decoding=\"async\" width=\"1120\" height=\"1400\" src=\"https:\/\/montreuxlibre.ch\/wp-content\/uploads\/2026\/01\/emmanuel-getaz-2.jpg\" class=\"attachment-full size-full wp-image-165\" alt=\"\" srcset=\"https:\/\/montreuxlibre.ch\/wp-content\/uploads\/2026\/01\/emmanuel-getaz-2.jpg 1120w, https:\/\/montreuxlibre.ch\/wp-content\/uploads\/2026\/01\/emmanuel-getaz-2-240x300.jpg 240w, https:\/\/montreuxlibre.ch\/wp-content\/uploads\/2026\/01\/emmanuel-getaz-2-819x1024.jpg 819w, https:\/\/montreuxlibre.ch\/wp-content\/uploads\/2026\/01\/emmanuel-getaz-2-768x960.jpg 768w\" sizes=\"(max-width: 1120px) 100vw, 1120px\" \/><\/figure><div class=\"elementor-image-box-content\"><h3 class=\"elementor-image-box-title\">Emmanuel G\u00e9taz<\/h3><p class=\"elementor-image-box-description\">Les Avants. 60 ans mari\u00e9, 2 enfants adultes. Conseiller communal, pr\u00e9sident Les Libres (Vaud), vice-pr\u00e9sident Assoc. Sauver les Grand-Pr\u00e9s, pr\u00e9sident Fond. Ibrahima Diop, pr\u00e9sident Fond. Cully Jazz.<\/p><\/div><\/div>\t\t\t\t<\/div>\n\t\t\t\t<div class=\"elementor-element elementor-element-9cecbad elementor-widget-divider--view-line elementor-widget elementor-widget-divider\" data-id=\"9cecbad\" data-element_type=\"widget\" data-widget_type=\"divider.default\">\n\t\t\t\t\t\t\t<div class=\"elementor-divider\">\n\t\t\t<span class=\"elementor-divider-separator\">\n\t\t\t\t\t\t<\/span>\n\t\t<\/div>\n\t\t\t\t\t\t<\/div>\n\t\t\t\t<div class=\"elementor-element elementor-element-020e03f elementor-widget elementor-widget-text-editor\" data-id=\"020e03f\" data-element_type=\"widget\" data-widget_type=\"text-editor.default\">\n\t\t\t\t\t\t\t\t\t<p>Le OUI \u00e0 l\u2019initiative \u00abSauver les Grands-Pr\u00e9s\u00bb est le plus beau succ\u00e8s politique auquel j\u2019ai particip\u00e9. Faisons de ce lieu un parc magnifique pour la population! Ecologiste convaincu, je soutiens les \u00e9nergies renouvelables et la mobilit\u00e9 douce (subventions de 350.- aux AG). Prot\u00e9geons le patrimoine b\u00e2ti de Montreux: NON au bunker de la salle triple de gymnastique \u00e0 l\u2019entr\u00e9e de la vieille ville. Enfin, OUI \u00e0 des finances communales saines: les 10 millions \u00e9conomis\u00e9s sur le Centre de Congr\u00e8s sont un succ\u00e8s<\/p>\t\t\t\t\t\t\t\t<\/div>\n\t\t\t\t<\/div>\n\t\t\t\t<\/div>\n\t\t<div class=\"elementor-element elementor-element-902e672 e-con-full e-flex e-con e-child\" data-id=\"902e672\" data-element_type=\"container\">\n\t\t<div class=\"elementor-element elementor-element-d0caa32 e-con-full e-flex e-con e-child\" data-id=\"d0caa32\" data-element_type=\"container\" data-settings=\"{&quot;background_background&quot;:&quot;classic&quot;}\">\n\t\t\t\t<div class=\"elementor-element elementor-element-df3b302 elementor-position-left elementor-vertical-align-bottom elementor-widget elementor-widget-image-box\" data-id=\"df3b302\" data-element_type=\"widget\" data-widget_type=\"image-box.default\">\n\t\t\t\t\t<div class=\"elementor-image-box-wrapper\"><figure class=\"elementor-image-box-img\"><img decoding=\"async\" width=\"1120\" height=\"1400\" src=\"https:\/\/montreuxlibre.ch\/wp-content\/uploads\/2026\/01\/yves-laurent-kundert2.jpg\" class=\"attachment-full size-full wp-image-166\" alt=\"\" srcset=\"https:\/\/montreuxlibre.ch\/wp-content\/uploads\/2026\/01\/yves-laurent-kundert2.jpg 1120w, https:\/\/montreuxlibre.ch\/wp-content\/uploads\/2026\/01\/yves-laurent-kundert2-240x300.jpg 240w, https:\/\/montreuxlibre.ch\/wp-content\/uploads\/2026\/01\/yves-laurent-kundert2-819x1024.jpg 819w, https:\/\/montreuxlibre.ch\/wp-content\/uploads\/2026\/01\/yves-laurent-kundert2-768x960.jpg 768w\" sizes=\"(max-width: 1120px) 100vw, 1120px\" \/><\/figure><div class=\"elementor-image-box-content\"><h3 class=\"elementor-image-box-title\">Yves Laurent Kundert<\/h3><p class=\"elementor-image-box-description\">Coach en marketing, Mari\u00e9, 4 gar\u00e7ons. Pr\u00e9sident Montreux Libre, gouverneur de Vernex, Conseiller intercommunal du SIGE, secr\u00e9taire du Mus\u00e9e de Montreux, Conseiller communal 2003-2021.<\/p><\/div><\/div>\t\t\t\t<\/div>\n\t\t\t\t<div class=\"elementor-element elementor-element-22e7215 elementor-widget-divider--view-line elementor-widget elementor-widget-divider\" data-id=\"22e7215\" data-element_type=\"widget\" data-widget_type=\"divider.default\">\n\t\t\t\t\t\t\t<div class=\"elementor-divider\">\n\t\t\t<span class=\"elementor-divider-separator\">\n\t\t\t\t\t\t<\/span>\n\t\t<\/div>\n\t\t\t\t\t\t<\/div>\n\t\t\t\t<div class=\"elementor-element elementor-element-2ac4f9c elementor-widget elementor-widget-text-editor\" data-id=\"2ac4f9c\" data-element_type=\"widget\" data-widget_type=\"text-editor.default\">\n\t\t\t\t\t\t\t\t\t<p>Fort d\u2019un engagement de 17 ans comme conseiller communal, gouverneur de Vernex et de mon exp\u00e9rience de dirigeant, je souhaite mettre mes comp\u00e9tences au service de notre r\u00e9gion. Mari\u00e9 et p\u00e8re de quatre fils, je connais les d\u00e9fis des familles et de l\u2019\u00e9conomie locale. Ind\u00e9pendant, formateur et coach, j\u2019ai \u00e0 c\u0153ur de favoriser le dialogue et des solutions concr\u00e8tes. Mon objectif: une gestion rigoureuse et un soutien actif \u00e0 notre culture et \u00e0 nos institutions locales. Ensemble, agissons pour notre avenir!<\/p>\t\t\t\t\t\t\t\t<\/div>\n\t\t\t\t<\/div>\n\t\t<div class=\"elementor-element elementor-element-98385e5 e-con-full e-flex e-con e-child\" data-id=\"98385e5\" data-element_type=\"container\" data-settings=\"{&quot;background_background&quot;:&quot;classic&quot;}\">\n\t\t\t\t<div class=\"elementor-element elementor-element-323ccf4 elementor-position-left elementor-vertical-align-bottom elementor-widget elementor-widget-image-box\" data-id=\"323ccf4\" data-element_type=\"widget\" data-widget_type=\"image-box.default\">\n\t\t\t\t\t<div class=\"elementor-image-box-wrapper\"><figure class=\"elementor-image-box-img\"><img loading=\"lazy\" decoding=\"async\" width=\"1120\" height=\"1400\" src=\"https:\/\/montreuxlibre.ch\/wp-content\/uploads\/2026\/01\/alexander-kundert.jpg\" class=\"attachment-full size-full wp-image-145\" alt=\"\" srcset=\"https:\/\/montreuxlibre.ch\/wp-content\/uploads\/2026\/01\/alexander-kundert.jpg 1120w, https:\/\/montreuxlibre.ch\/wp-content\/uploads\/2026\/01\/alexander-kundert-240x300.jpg 240w, https:\/\/montreuxlibre.ch\/wp-content\/uploads\/2026\/01\/alexander-kundert-819x1024.jpg 819w, https:\/\/montreuxlibre.ch\/wp-content\/uploads\/2026\/01\/alexander-kundert-768x960.jpg 768w\" sizes=\"(max-width: 1120px) 100vw, 1120px\" \/><\/figure><div class=\"elementor-image-box-content\"><h3 class=\"elementor-image-box-title\">Alexander Kundert<\/h3><p class=\"elementor-image-box-description\">Secr\u00e9taire du Conseil intercommunal du SIGE, historien de l\u2019art, musicien, conseiller scientifique du Mus\u00e9e de Montreux.\n<\/p><\/div><\/div>\t\t\t\t<\/div>\n\t\t\t\t<div class=\"elementor-element elementor-element-174ef6f elementor-widget-divider--view-line elementor-widget elementor-widget-divider\" data-id=\"174ef6f\" data-element_type=\"widget\" data-widget_type=\"divider.default\">\n\t\t\t\t\t\t\t<div class=\"elementor-divider\">\n\t\t\t<span class=\"elementor-divider-separator\">\n\t\t\t\t\t\t<\/span>\n\t\t<\/div>\n\t\t\t\t\t\t<\/div>\n\t\t\t\t<div class=\"elementor-element elementor-element-35f15f6 elementor-widget elementor-widget-text-editor\" data-id=\"35f15f6\" data-element_type=\"widget\" data-widget_type=\"text-editor.default\">\n\t\t\t\t\t\t\t\t\t<p>Historien de l&rsquo;art et musicien, je m&rsquo;engage pour que Montreux fasse de sa culture un moteur vivant: soutenir les arts, prot\u00e9ger notre patrimoine, porter notre histoire vers l&rsquo;avenir et valoriser le tissu local.<\/p>\t\t\t\t\t\t\t\t<\/div>\n\t\t\t\t<\/div>\n\t\t\t\t<\/div>\n\t\t<div class=\"elementor-element elementor-element-c444a04 e-con-full e-flex e-con e-child\" data-id=\"c444a04\" data-element_type=\"container\">\n\t\t<div class=\"elementor-element elementor-element-27e1c31 e-con-full e-flex e-con e-child\" data-id=\"27e1c31\" data-element_type=\"container\" data-settings=\"{&quot;background_background&quot;:&quot;classic&quot;}\">\n\t\t\t\t<div class=\"elementor-element elementor-element-cee7218 elementor-position-left elementor-vertical-align-bottom elementor-widget elementor-widget-image-box\" data-id=\"cee7218\" data-element_type=\"widget\" data-widget_type=\"image-box.default\">\n\t\t\t\t\t<div class=\"elementor-image-box-wrapper\"><figure class=\"elementor-image-box-img\"><img loading=\"lazy\" decoding=\"async\" width=\"1120\" height=\"1400\" src=\"https:\/\/montreuxlibre.ch\/wp-content\/uploads\/2026\/01\/lisa-pilet.jpg\" class=\"attachment-full size-full wp-image-148\" alt=\"\" srcset=\"https:\/\/montreuxlibre.ch\/wp-content\/uploads\/2026\/01\/lisa-pilet.jpg 1120w, https:\/\/montreuxlibre.ch\/wp-content\/uploads\/2026\/01\/lisa-pilet-240x300.jpg 240w, https:\/\/montreuxlibre.ch\/wp-content\/uploads\/2026\/01\/lisa-pilet-819x1024.jpg 819w, https:\/\/montreuxlibre.ch\/wp-content\/uploads\/2026\/01\/lisa-pilet-768x960.jpg 768w\" sizes=\"(max-width: 1120px) 100vw, 1120px\" \/><\/figure><div class=\"elementor-image-box-content\"><h3 class=\"elementor-image-box-title\">Lisa Pilet<\/h3><p class=\"elementor-image-box-description\">Administratrice d\u2019un Centre M\u00e9dical, un&nbsp;enfant.\n<\/p><\/div><\/div>\t\t\t\t<\/div>\n\t\t\t\t<div class=\"elementor-element elementor-element-7f23aac elementor-widget-divider--view-line elementor-widget elementor-widget-divider\" data-id=\"7f23aac\" data-element_type=\"widget\" data-widget_type=\"divider.default\">\n\t\t\t\t\t\t\t<div class=\"elementor-divider\">\n\t\t\t<span class=\"elementor-divider-separator\">\n\t\t\t\t\t\t<\/span>\n\t\t<\/div>\n\t\t\t\t\t\t<\/div>\n\t\t\t\t<div class=\"elementor-element elementor-element-c8c50fc elementor-widget elementor-widget-text-editor\" data-id=\"c8c50fc\" data-element_type=\"widget\" data-widget_type=\"text-editor.default\">\n\t\t\t\t\t\t\t\t\t<p>Par ma candidature, je souhaite, en tant que m\u00e8re active, contribuer au maintien d\u2019un cadre de vie agr\u00e9able pour nos enfants, la jeunesse et les seniors. A ce titre, j\u2019ai r\u00e9cemment rejoint Montreux Libre dont les engagements r\u00e9pondent \u00e0 ces probl\u00e9matiques locales auxquelles chacun d\u2019entre nous peut s\u2019identifier. Cette similitude id\u00e9ologique constitue, pour moi, une motivation \u00e0 participer aux d\u00e9bats collectifs qu\u2019offrirait une \u00e9lection au Conseil communal sous les couleurs de Montreux Libre.<\/p>\t\t\t\t\t\t\t\t<\/div>\n\t\t\t\t<\/div>\n\t\t<div class=\"elementor-element elementor-element-8b87a00 e-con-full e-flex e-con e-child\" data-id=\"8b87a00\" data-element_type=\"container\" data-settings=\"{&quot;background_background&quot;:&quot;classic&quot;}\">\n\t\t\t\t<div class=\"elementor-element elementor-element-e250864 elementor-position-left elementor-vertical-align-bottom elementor-widget elementor-widget-image-box\" data-id=\"e250864\" data-element_type=\"widget\" data-widget_type=\"image-box.default\">\n\t\t\t\t\t<div class=\"elementor-image-box-wrapper\"><figure class=\"elementor-image-box-img\"><img loading=\"lazy\" decoding=\"async\" width=\"1120\" height=\"1400\" src=\"https:\/\/montreuxlibre.ch\/wp-content\/uploads\/2026\/01\/vincent-tschopp.jpg\" class=\"attachment-full size-full wp-image-146\" alt=\"\" srcset=\"https:\/\/montreuxlibre.ch\/wp-content\/uploads\/2026\/01\/vincent-tschopp.jpg 1120w, https:\/\/montreuxlibre.ch\/wp-content\/uploads\/2026\/01\/vincent-tschopp-240x300.jpg 240w, https:\/\/montreuxlibre.ch\/wp-content\/uploads\/2026\/01\/vincent-tschopp-819x1024.jpg 819w, https:\/\/montreuxlibre.ch\/wp-content\/uploads\/2026\/01\/vincent-tschopp-768x960.jpg 768w\" sizes=\"(max-width: 1120px) 100vw, 1120px\" \/><\/figure><div class=\"elementor-image-box-content\"><h3 class=\"elementor-image-box-title\">Vincent Tschopp<\/h3><p class=\"elementor-image-box-description\">Policier ASR, 2 enfants adultes. Conseiller communal, ancien conseiller intercommunal.<\/p><\/div><\/div>\t\t\t\t<\/div>\n\t\t\t\t<div class=\"elementor-element elementor-element-3ed3e9a elementor-widget-divider--view-line elementor-widget elementor-widget-divider\" data-id=\"3ed3e9a\" data-element_type=\"widget\" data-widget_type=\"divider.default\">\n\t\t\t\t\t\t\t<div class=\"elementor-divider\">\n\t\t\t<span class=\"elementor-divider-separator\">\n\t\t\t\t\t\t<\/span>\n\t\t<\/div>\n\t\t\t\t\t\t<\/div>\n\t\t\t\t<div class=\"elementor-element elementor-element-10d3559 elementor-widget elementor-widget-text-editor\" data-id=\"10d3559\" data-element_type=\"widget\" data-widget_type=\"text-editor.default\">\n\t\t\t\t\t\t\t\t\tLes forfaits affich\u00e9s pour certaines destinations en taxis, l\u2019ouverture possible jusqu\u2019\u00e0 6h du matin des discoth\u00e8ques \u00e0 Montreux afin d\u2019\u00e9viter les nuisances des f\u00eatards errants en ville faute de moyen de transport, ainsi que les 10 millions \u00e9conomis\u00e9s sur le Centre de Congr\u00e8s sont des succ\u00e8s de Montreux Libre auxquels j\u2019ai directement contribu\u00e9. Ils me donnent envie de continuer d\u2019offrir ma contribution.\t\t\t\t\t\t\t\t<\/div>\n\t\t\t\t<\/div>\n\t\t\t\t<\/div>\n\t\t\t\t\t<\/div>\n\t\t\t\t<\/div>\n\t\t\t\t<\/div>\n\t\t","protected":false},"excerpt":{"rendered":"<p>Nos conseill\u00e8res et conseillers communaux Soraia Dias Employ\u00e9e de commerce dans les assurances sociales, mari\u00e9e, un enfant. Conseill\u00e8re communale Enfant de la commune, je suis profond\u00e9ment attach\u00e9e \u00e0 son cadre [&hellip;]<\/p>\n","protected":false},"author":1,"featured_media":0,"parent":0,"menu_order":0,"comment_status":"closed","ping_status":"closed","template":"","meta":{"_price":"","_stock":"","_tribe_ticket_header":"","_tribe_default_ticket_provider":"","_tribe_ticket_capacity":"0","_ticket_start_date":"","_ticket_end_date":"","_tribe_ticket_show_description":"","_tribe_ticket_show_not_going":false,"_tribe_ticket_use_global_stock":"","_tribe_ticket_global_stock_level":"","_global_stock_mode":"","_global_stock_cap":"","_tribe_rsvp_for_event":"","_tribe_ticket_going_count":"","_tribe_ticket_not_going_count":"","_tribe_tickets_list":"[]","_tribe_ticket_has_attendee_info_fields":false,"footnotes":"","_tec_slr_enabled":"","_tec_slr_layout":""},"class_list":["post-686","page","type-page","status-publish","hentry"],"ticketed":false,"_links":{"self":[{"href":"https:\/\/montreuxlibre.ch\/index.php?rest_route=\/wp\/v2\/pages\/686","targetHints":{"allow":["GET"]}}],"collection":[{"href":"https:\/\/montreuxlibre.ch\/index.php?rest_route=\/wp\/v2\/pages"}],"about":[{"href":"https:\/\/montreuxlibre.ch\/index.php?rest_route=\/wp\/v2\/types\/page"}],"author":[{"embeddable":true,"href":"https:\/\/montreuxlibre.ch\/index.php?rest_route=\/wp\/v2\/users\/1"}],"replies":[{"embeddable":true,"href":"https:\/\/montreuxlibre.ch\/index.php?rest_route=%2Fwp%2Fv2%2Fcomments&post=686"}],"version-history":[{"count":16,"href":"https:\/\/montreuxlibre.ch\/index.php?rest_route=\/wp\/v2\/pages\/686\/revisions"}],"predecessor-version":[{"id":714,"href":"https:\/\/montreuxlibre.ch\/index.php?rest_route=\/wp\/v2\/pages\/686\/revisions\/714"}],"wp:attachment":[{"href":"https:\/\/montreuxlibre.ch\/index.php?rest_route=%2Fwp%2Fv2%2Fmedia&parent=686"}],"curies":[{"name":"wp","href":"https:\/\/api.w.org\/{rel}","templated":true}]}}